the tens digit of v(m)?
4
Let t = -29 - -29. Suppose 5*g + t*g - 240 = 0. What is the tens digit of g?
4
What is the hundreds digit of ((-76)/(-3))/(-3*2/(-180))?
7
Suppose 7*w + 6 = 4*w. What is the units digit of 1/(w - 141/(-70))?
0
Suppose -3*m = -i - 0*i + 118, -3*m = 15. Let w = i - 56. Let l = -28 + w. What is the tens digit of l?
1
Suppose -33 = -2*y + 49. Let w(u) = 17*u**3 - u + 1. Let m be w(1). Let h = y - m. What is the units digit of h?
4
Let u(j) = -49*j + 9. What is the hundreds digit of u(-4)?
2
Suppose -8*m = -1906 - 1718. What is the tens digit of m?
5
Let w be (-4 - -2) + 3*2. Suppose 0 = 2*b + 3*u - 13, -w*u + 20 = 4*b - 4. Suppose -b*k - n + 4*n = -1, -k - 3*n + 11 = 0. What is the units digit of k?
2
Let y(z) be the third derivative of 7*z**5/30 - z**4/8 - 7*z**3/6 - 22*z**2. What is the hundreds digit of y(-4)?
2
Suppose -5*b = 4*t - 9868, -16*b = -11*b - t - 9883. What is the tens digit of b?
7
Suppose 14*k - 12*k = 0. Suppose k = i + 1, 2*g - 3*g = 4*i - 72. What is the units digit of g?
6
Suppose -1099 - 656 = -9*x. Let i = x - 100. What is the tens digit of i?
9
Let d(p) = 2*p**3 - 3*p**2 - 3*p - 5. Let y be d(5). Let g = -95 + y. Suppose v - g = -v. What is the units digit of v?
0
Suppose -2*g + 34 = m + 4*m, 3*g = -9. Let h = m + -14. Let k(a) = -a**2 - 6*a + 8. What is the units digit of k(h)?
8
Let p(r) = r**3 + r + 2. Let f(k) = k**3 - 4*k**2 - 6*k + 3. Let y be f(5). Let g be p(y). Let h = g + 9. What is the units digit of h?
1
Let n be (3*(-2)/6)/(-1). Let x be 270/12*(1 + n). What is the units digit of ((-67)/(-5))/(9/x)?
7
Let z(t) = -62*t + 71. What is the hundreds digit of z(-13)?
8
Let s = 214 - 175. What is the tens digit of s?
3
Let x = -37 + 16. Let l be (x/6)/(1/(-26)). Suppose y + 7 = 2*y - 3*t, 5*t - l = -3*y. What is the units digit of y?
2
Let u(q) = -2*q - 14. Let y be u(-8). Suppose 5*g - y*k - 34 = 199, 0 = 3*k + 12. Suppose -56 - 10 = -2*a + 2*n, 2*n = -a + g. What is the units digit of a?
7
Let p be (8/(-4))/(-1) + 227. Let x = p - 117. What is the units digit of x?
2
Suppose -2*q = -g - 271, 0*q - g - 134 = -q. What is the tens digit of q?
3
Suppose -4*w + 4 = -0*w. Let x = w - -3. Suppose 0 = -k + x*k - 105. What is the tens digit of k?
3
Let l(o) = 76*o + 357. What is the thousands digit of l(11)?
1
Suppose -4*v + 2 = 22, 2*v = -2*c + 5100. What is the units digit of c?
5
Let z = -380 + 1079. What is the tens digit of z?
9
Let y(i) be the second derivative of -3*i**4/4 + i**3/3 - i**2/2 + 4*i. Let r be y(1). Let x = 16 + r. What is the units digit of x?
8
Let q(c) = -4*c**2 - 43*c + 2. Let x be q(-10). Suppose -d - d + 44 = -3*s, 2*s - d = -29. Let r = x + s. What is the tens digit of r?
1
Let m = 13 - 10. Suppose 4*h - u - 17 = 0, -7*h - m*u = -2*h. What is the tens digit of -3 - (-25 + h + -2)?
2
Let j(s) = -2*s**3 - 4*s**2 + 4*s + 1. Suppose 32 = -5*d + l - 4*l, 0 = 2*l + 8. What is the units digit of j(d)?
9
Suppose 6*z - 27*z + 15099 = 0. What is the units digit of z?
9
Let f = 4 + -13. Let p = f - 0. What is the units digit of (-51)/p - (-6)/(-9)?
5
Let q(n) = 4*n - 11. Let x be q(5). What is the tens digit of -1 + 2/3 - (-1281)/x?
4
Suppose -5*w - 9 = -3*b + 7, -4*b - 5*w - 2 = 0. Suppose -6*m - b*m + 680 = 0. Let l = -11 + m. What is the tens digit of l?
7
Suppose 4*q + 0 = 8. Suppose 2*s + q*s = 776. What is the hundreds digit of s?
1
Suppose -w + 4*i + 47 = 0, 2*i = 3*w - 0*w - 101. Let z = w - 38. Let j(v) = v**3 + 8*v**2 - 1. What is the tens digit of j(z)?
4
Suppose c - m - 166 = 0, m = -0*c - 5*c + 806. Let t = 104 - c. Let j = -41 - t. What is the units digit of j?
7
Suppose -4*d - 4*i + 955 = -789, 2150 = 5*d - 5*i. What is the hundreds digit of d?
4
Let m be 14/(4 - 2)*2. Let f = 14 - m. Suppose -l + 1 + 8 = f. What is the units digit of l?
9
Let m(f) = -88*f + 188. What is the tens digit of m(-6)?
1
Let l(b) = 2*b**2 + 15*b + 4. Let h be l(-10). Suppose 2*s = 5*q - 90, 3*q + 0*s - h = -5*s. What is the tens digit of q?
1
Let l = 9 + 56. Suppose -2*y + 57 = -l. Suppose -3*g + y - 7 = 0. What is the tens digit of g?
1
Let c(b) = 4*b**2 - 8*b + 6. Suppose -5*y - 25 = -55. What is the hundreds digit of c(y)?
1
Let v(c) = 8*c - 30. Let j be v(6). What is the tens digit of (-204)/8*(-12)/j?
1
Let s = 3 + -3. Suppose -b + 6*b - 160 = s. What is the tens digit of b?
3
Let v(f) = -5*f**3 - f**2. Let n be v(-1). Suppose -5*t - 16 = 4*y, -n*t - 19 = y - 4*y. What is the units digit of y?
1
Suppose -6*a - 6 + 0 = 0. Let q(c) = -41*c + 3. Let s be q(a). What is the tens digit of -2 + s + -7 + 10?
4
Let v(m) = 4*m**3 + 15*m**2 + 21*m - 19. Let u(f) = 3*f**3 + 10*f**2 + 14*f - 13. Let h(w) = 7*u(w) - 5*v(w). What is the units digit of h(7)?
3
Let y(q) = -5*q**3 - q**2 - 2*q - 1. Suppose 2 + 2 = 4*h. Suppose -4*z = -5*z - h. What is the units digit of y(z)?
5
Suppose 3*j = 21*l - 19*l + 128, 2*l = 4*j - 168. What is the units digit of j?
0
Let g(u) = 45*u**3 - u**2 + u - 1. Let l(o) = o**3 - 6*o**2 + 7. Let q be l(6). Let t = 8 - q. What is the tens digit of g(t)?
4
Let o = 104 - 12. What is the units digit of o?
2
Let h(g) = 25*g - 135. What is the tens digit of h(7)?
4
Suppose -4*w = -0*w - 312. Let t = -27 + w. Suppose -o - 2 = -t. What is the units digit of o?
9
Suppose -3*w = 5*v - 1055, -2*v - 1 - 3 = 0. What is the tens digit of w?
5
Suppose 0 = -61*s + 37*s + 3528. What is the hundreds digit of s?
1
Suppose 4*v + 0*v + f - 33 = 0, 0 = -4*v + 3*f + 29. Let i(o) = 13*o - 8. What is the tens digit of i(v)?
9
Suppose 4*p = -3*a + 12, p + 2*p = a - 4. Suppose 4*l + 3*k - 125 - 7 = p, 70 = 3*l - 5*k. Let q = l + -17. What is the units digit of q?
3
Let r(y) = -4*y + 32. Let q be r(-16). Let p = q - 56. What is the tens digit of p?
4
Let j be (-94)/10 + 4/10. Suppose -4*t + 21 = -11*t. What is the units digit of 5/((-5)/j) + t?
6
Let k = 399 - 183. Let i = -50 + 50. Suppose -5*b + k - 71 = i. What is the tens digit of b?
2
Suppose -36 + 12 = -4*s. Suppose 2*i - 3*g - 140 = -s*g, 4*i - 5*g = 302. What is the tens digit of i?
7
Let r = 28 - 18. Suppose r*x - 5*x - 1075 = 0. What is the units digit of x?
5
Let i = -101 + 105. Suppose -x - 4*x = -20, i*x + 4 = q. What is the tens digit of q?
2
Suppose 2 - 3 = -3*s - x, -2*x = 3*s - 2. Suppose -4*k + 4*p + 116 = s, 2*p + 34 = -3*k + 111. What is the units digit of k?
7
Let l(p) = 2*p**3 + 10*p**2 - 4*p - 20. What is the tens digit of l(5)?
6
Let w(f) = f**2 + f + 10. Let x be w(11). Suppose 2*m = 2*g - x, 213 = 3*g + m - 3*m. What is the units digit of g?
1
Let x be 43 + 5 + 0 + -2. Suppose -2*q + 3*g = 7*g - 10, 2*q - x = 5*g. What is the units digit of q?
3
Let s = -1043 + 5415. What is the hundreds digit of s?
3
Let u be 24/(-18)*(12/(-2))/2. Suppose -b = u*n - 106, 0*n - 167 = -2*b + n. What is the units digit of b?
6
Let z(m) = m**3 - m**2 - 5*m - 9. Let y be z(5). Let h = y - -37. What is the hundreds digit of h?
1
Let r(u) = -5*u + u**2 - 1 - 2*u**2 - 3 + 12. Let n be r(-6). Suppose -5*k + 111 = -2*y, -3*y + 0*y = n*k - 52. What is the units digit of k?
3
Let w(l) = 17*l - 10*l + l**2 - 19*l - 17. Let q be 3/(-6)*(-1 - 29). What is the tens digit of w(q)?
2
Suppose 6*g + 1064 = 10*g. Suppose 2*v = -3*j + g, -98 = -2*v + 5*j + 200. What is the tens digit of v?
3
Let n = 57 - 85. What is the units digit of 12/n + (-258)/(-14)?
8
Let l = 224 + -50. Suppose -3*n + 72 = -l. Suppose 0 = -4*u + n + 34. What is the units digit of u?
9
Let a = -6 - -10. Let t = 97 - 92. Suppose t*u - a*u = 22. What is the tens digit of u?
2
Suppose -3*p = 5*b - 0*b - 1629, -b + 3*p + 333 = 0. What is the tens digit of b?
2
Suppose 7755 = 13*u + 2191. Suppose z - 416 = -5*k, -5*k + z + z + u = 0. What is the units digit of k?
4
Let y(a) be the first derivative of a**4/4 - 5*a**3/3 + 3*a**2/2 - 5*a + 16. What is the tens digit of y(5)?
1
Suppose -4*t = -a + 12, 4*t - 2*t = -a - 6. What is the tens digit of -3*((-3 - (-35)/t) + 1)?
4
Let d be 2/5 - (-1096)/10. What is the hundreds digit of -4*(-5)/d + (-1307)/(-11)?
1
Let k(d) = 11*d + 9*d - 6*d**2 - 16 + d**3 - 8*d. What is the units digit of k(6)?
6
Suppose 3*p - 560 = -2*a - 0*p, -1076 = -4*a + 5*p. What is the tens digit of a?
7
Let k(i) = -i**2 - 5*i + 9. Let l be k(-17). What is the units digit of l/(